*2/2 + 267*q - 7. Give c(2).
9
Let c(z) = -z**3 + 11*z**2 + 9*z + 40. Suppose -58*k = -65*k - 106*k + 1356. Determine c(k).
4
Let d(g) = -6*g**2 - 190413 + 13*g**2 + 4*g + 190417. Calculate d(4).
132
Let g(c) be the second derivative of -c**7/504 + c**6/720 + 7*c**4/6 - 39*c. Let p(x) be the third derivative of g(x). Give p(1).
-4
Let r(d) = -2*d**2 + 151*d - 2851. Let c be r(37). Let x(z) = -14*z**2 - 4. What is x(c)?
-60
Let z(v) = -9 - 1 + 70*v + 86*v + 88*v - 256*v. Calculate z(0).
-10
Let p(u) = -4 + 0*u - u**2 - 3*u + 2*u. Let s be 3/(-3) + ((-1930)/(-5) - 2). Let t = s - 380. Determine p(t).
-16
Let w(x) = -13*x**3 + 21*x**2 - 76*x - 4. Let i(d) = 3*d**3 + 2*d + 1. Let h(p) = -4*i(p) - w(p). Give h(17).
0
Let n(a) = a - 4*a - 8 + 4*a - 4*a. What is n(14)?
-50
Let o(y) be the third derivative of y**6/120 + y**5/10 - y**4/12 + 37*y**3/6 - 38*y**2. Let w be o(-7). Let v(g) = g**3 - g**2 - 3*g + 2. Give v(w).
0
Let c(f) = 37*f**2 + 13*f - 14. Let s(d) = -31*d**2 - 10*d + 13. Let h(x) = -5*c(x) - 6*s(x). Suppose -2*a + 5*a = 2*u + 8, -2*a - 4*u + 32 = 0. Give h(a).
-2
Let d be 1/(((-6)/(-3))/(-10)). Let q be (3/4)/(d/40). Let s(t) be the second derivative of -t**5/20 - 5*t**4/12 + t**3 - t**2 - 193*t. Determine s(q).
-2
Suppose -5*y + 0*y = -10. Let o(v) = -v**2 + v**3 + 4 + 5*v - 3*v**y + 5*v**2 + 6*v**2. Let c = 10532 + -10538. Determine o(c).
10
Suppose m + 23 = -3*c + 1, 0 = c + 3*m + 18. Let d(k) = -59*k**2 + 58*k**2 - k - 4 - 2*k. Give d(c).
-22
Let l(p) be the third derivative of -p**3 - 1/24*p**4 - 3*p + 0 - 3*p**2. Let i = -1 + 1. What is l(i)?
-6
Let z be ((-35)/(-70))/((372/240)/31). Let j(u) = -5*u + 17. Let s(p) = p - 1. Let f(k) = -j(k) - 4*s(k). Give f(z).
-3
Let b = -11012 - -10987. Let q(m) = -3*m - 4. Give q(b).
71
Let l(a) be the first derivative of a**4/12 + 4*a**3/3 + 13*a**2/2 - 12*a + 65. Let z(c) be the first derivative of l(c). What is z(-9)?
22
Let f(s) = s**3 - 3*s**2 + 3. Suppose -4*r + 16 = 0, -5*k - 4*r - 9 = -45. Let t be -2*1*(6/3 - k). Calculate f(t).
19
Let b(d) = d**2 - 2*d. Let m(c) = -6*c**2 - 4*c + 13. Let h(n) = 5*b(n) + m(n). Determine h(-14).
13
Let o(g) = 4*g**2 + 2*g - 1. Let k = -181 + 663. Let r = 483 - k. What is o(r)?
5
Let p = -1154 - -1146. Let u(z) = z + 22. Let i(g) = 7. Let h(v) = 8*i(v) - 3*u(v). What is h(p)?
14
Let b be -2 - 3 - (4 + 35 + -8). Let l(k) = -k**3 - 40*k**2 - 143*k + 30. Give l(b).
-6
Let i(m) be the third derivative of 4/3*m**3 + 1/120*m**6 + 0 + 7/24*m**4 - 7*m - 8*m**2 - 3/20*m**5. Determine i(8).
0
Suppose 21*y - 16*y - 11 = -z, 2*y - z = 10. Let n(m) be the first derivative of m**2/2 + 8. Let b(s) = 2*s**2 + 2*s. Let d(q) = -b(q) + 6*n(q). Give d(y).
-6
Let c(z) = 4*z - 2. Let i(b) = -b**2 - 15*b + 110. Let y be i(-16). Suppose -3*f = -106 + y. Give c(f).
14
Let w = 19 - 15. Let z(y) = -11 + 15 - y - w. Let f(d) = d**2 + d. Let o be f(1). Determine z(o).
-2
Let y(t) be the third derivative of 0*t + 1/30*t**5 - 134*t**2 + 1/12*t**4 + 1/2*t**3 + 0. Calculate y(3).
27
Let i(k) = 12*k + 348. Let z(c) = -11*c**2 - 538*c + 20. Let o be z(-49). Calculate i(o).
0
Let o(g) = 3*g**3 - 6*g**2 + 7*g - 8. Let p be o(2). Let l(r) = p*r + 5 - 12 - r**2 - 3. Give l(7).
-17
Let a = 513 - 441. Let t(n) = 8*n + 21 + 50 - a. Determine t(-7).
-57
Let i(m) = 6*m - 1. Let u = -88 - -92. Suppose k - 13 = u*j, -5*k = -3*j - 2*k - 21. Let w be (j/8)/((-2)/8). Determine i(w).
5
Let j(b) = -1873797 + 1873797 - 2*b. Let y(k) = 3*k - 7. Let z be y(5). Determine j(z).
-16
Let s(b) be the first derivative of 1 + 3/2*b**2 + b. Let c = 1179 - 1183. Calculate s(c).
-11
Let v(o) be the first derivative of -1/4*o**4 - 7*o - 4/3*o**3 - 81 + 7/2*o**2. What is v(-6)?
23
Let i(t) = t**3 - 14*t**2 + 29*t + 16. Let b be i(10). Let w(p) = -p**2 + 19*p + 17. Let r be w(13). Let z = r + b. Let d(j) = 8*j - 1. Calculate d(z).
7
Suppose -5*x - 38*h + 3 = -35*h, 4*x = 4*h - 4. Let i(k) = k + 7 + x*k + k + 9. Suppose 5*z + 3*s + 58 = 0, 0 = -2*z + s - 2*s - 23. Calculate i(z).
-6
Let i(g) = -g**3 + 5*g**2 + 7. Let m = -115 + 68. Let y = m - -54. Let c(a) = 6*a - 37. Let l be c(y). What is i(l)?
7
Let f(u) = -105*u - 57. Let s(i) = 41*i + 29. Let r(j) = -2*f(j) - 5*s(j). Calculate r(-4).
-51
Let h(c) = -5*c**2 - 14*c - 4. Let s(v) = 3*v**2 + 12*v + 5. Let l(i) = 2*h(i) + 3*s(i). Let u = 138 - 214. Let x be u/(-10) + (-6)/(-15). What is l(x)?
7
Let p be 819/(-14)*528/(-18). Let c(k) = -4*k + p*k**3 + k**2 + 4 + 6*k - 1715*k**3. Give c(-2).
-4
Suppose 6*x - 5*x = 57. Let h = 54 - x. Let q(d) = -d**2 - 3*d + 1. Let l(j) = 2*j**2 + 6*j - 2. Let m(z) = -3*l(z) - 5*q(z). Give m(h).
1
Let g(v) = -9*v + v**3 - 2*v**2 + 7*v**2 + 1579 - 1573. Let n(x) = -2*x**3 + x**2 + 3*x - 1. Let f be n(2). Calculate g(f).
-29
Let z(m) = 5*m**2 - 2*m - 3*m**2 - 7692 + 3847 + 3847. What is z(9)?
146
Suppose 6*j - 9 = 3*j. Let y(o) = -5*o**3 + 5*o**2 + 4*o. Let k(p) = -13*p**3 + 12*p**2 + 11*p + 1. Let l(x) = -3*k(x) + 8*y(x). Calculate l(j).
3
Let s(p) = p**3 - 11*p**2 - 29*p + 42. Let t be s(13). Suppose j - 20 = -t*i, -2 + 47 = 4*j + 5*i. Let b(n) = n**3 - 3*n**2 - 8*n + 5. What is b(j)?
15
Let o be ((-3)/(-2) + -1)/((15/42)/5). Let d(b) = -9*b + 34. Give d(o).
-29
Let f(i) = 4*i - 72. Let p be f(20). Suppose 0 = -p*k + 45 - 13. Suppose 5*m + 13 + 2 = 0, -m + 13 = -k*b. Let s(t) = t**2 - t - 4. What is s(b)?
16
Suppose 13*j - 217 = -18*j. Suppose -2*g - l = -j, 4*l = -16*g + 18*g - 12. Let t(d) = d**3 - 2*d**2 - 2*d + 2. What is t(g)?
26
Let z(g) = 8 - 10723119*g + 8 + 10723115*g. What is z(-20)?
96
Let u(y) = 26*y**2 - 22555*y - 3 + 22636*y - 5*y**2 + y**3. What is u(-5)?
-8
Let o(i) = -2*i - 6. Let x be o(-6). Let u(g) be the third derivative of -g**5/60 + g**4/8 + 7*g**3/3 - 7*g**2 + 16*g + 1. Give u(x).
-4
Let y(c) = 25*c + 927. Let o be y(-37). Let q(f) = -4*f**2 + 3*f**2 - f**2 + 3*f. What is q(o)?
-2
Let o(x) = -x**2 - 19*x - 4. Let a = 7917 + -7926. What is o(a)?
86
Let l(x) = x**2 + 6. Let t(m) = -6*m + 8*m + 8*m + 5 + m**2 - m**3 - 17. Let k be t(3). What is l(k)?
6
Let x(w) = -361 + 4*w**2 + 4*w**2 + 396 + w + w**2 - 10*w**2. Determine x(9).
-37
Let b(t) be the third derivative of -t**6/120 - t**5/30 + 3*t**4/8 - t**3/2 - 408*t**2. Determine b(-4).
-7
Suppose n - 120 = -0*n. Let j = 271 + -268. Let g(v) = 5*v - n + 126 + j*v - 5*v. Calculate g(-4).
-6
Let s(o) = -o + 42. Let w = 5205 + -5170. Give s(w).
7
Let v(p) be the third derivative of -3*p**4/8 + 255*p**2. Let j be (10/15)/((-2)/(-15)). Let u = j + -4. What is v(u)?
-9
Let t be ((-7)/2)/((-9)/18). Let l(x) = -6*x**3 + 3*x**2 - 4*x + 14. Let k(w) = 18*w**3 - 4 - 17*w**3 + w**2 + 3 - w. Let i(r) = -5*k(r) - l(r). Give i(t).
5
Suppose -10 = 26*g - 62. Let w(k) = k - 39 - 40 + g*k - 41 + 122. Let t = 0 - 5. Calculate w(t).
-13
Let t = 340 - 306. Let u(a) = 31*a - 22 + 20 - t*a. Give u(-2).
4
Let j(b) = -b**3 - 7*b**2 - 6*b - 1. Suppose -3*x = 5*m + x - 70, -28 = -2*m - 2*x. Suppose -3*o + 2*s + m = 41, -o - 1 = 2*s. Let t = -13 - o. What is j(t)?
-1
Let r(n) = -4*n + 37. Let w(o) = -279*o - 13382. Let z be w(-48). Calculate r(z).
-3
Suppose 4*j - 4 = -4*a, -5*a = 4*j + 71 - 75. Let w(c) = -43*c**2 + c. Determine w(j).
-42
Let t(a) = -a + 6. Let x = 1133 - 1156. Let r(q) = -q**3 + 7*q**2 - 3*q + 1. Let i be r(3). Let f = i + x. What is t(f)?
1
Let s(l) = 11 - l + 2*l + 0*l. Let f(z) be the third derivative of 59*z**4/24 - 236*z**3/3 + z**2 - 36. Let i be f(8). Calculate s(i).
11
Let m(j) = 2*j**3 + 9*j**2 - 19*j + 2. Suppose -570*y + 241 + 899 = 0. Determine m(y).
16
Let t = 9 + -18. Let a(j) = -19*j**2 - 14*j. Let f(q) = -7*q**2 - 6*q + 1. Let d(l) = 4*a(l) - 11*f(l). Calculate d(t).
-20
Suppose -3 = -3*v - v + o, -2*v + o = 1. Let f(p) = -2*p + 6*p + v + 2. Let i be (-1)/(-3) + (-52)/(-12)*-1. What is f(i)?
-12
Let k(g) = -11*g**3 - 44*g**2 - 27*g - 391. Let j(q) = -5*q**3 - 22*q**2 - 13*q - 196. Let w(u) = -9*j(u) + 4*k(u). Give w(-22).
2
Let m(z) be the third derivative of -z**5/60 - z**4/8 + z**3/3 - 7*z**2. Suppose 3*q = -5*t - 20, -t = -4*q - 14 + 18. Calculate m(t).
-2
Let v be -3 - 13/((-78)/306). Suppose 60*s = v*s. Let g(d) = -d + 12. Determine g(s).
12
Let t(i) be the third derivative of 1/24*i**4 + 1/120*i**6 + 0 - 9*i**2 + 0*i - 1/3*i**3 - 1/15*i**5. Let v = 0 +